-2 + 1 - -10)/1. Let v be b(y). Let z = 18 - v. List the prime factors of z.
2, 3
Let z(d) = 2*d - 14. Let t be z(9). Suppose -28 = -4*x - t. What are the prime factors of x?
2, 3
List the prime factors of (-2)/(-15) - 20920/(-600).
5, 7
Suppose p = -2*j + 29, -5*j + 21 + 64 = 3*p. List the prime factors of p.
5
Let a(c) = -c**3 - c**2 - 2*c + 2. Let t = -2 + -1. Let p be a(t). Suppose -q + 6*q - 4*s = 58, -2*q + 3*s = -p. List the prime factors of q.
2, 5
Let h be 410/14 + (-6)/21. Let q = 56 - h. List the prime factors of q.
3
Let u(m) = m**2 - 8*m + 8. Suppose 47 = 4*v - 3*p, 0*v + p = 3*v - 34. List the prime factors of u(v).
41
Let m = -7 - -8. List the prime factors of 2/2 - (-14)/m.
3, 5
Suppose 0 = -7*j + 4*j + 126. List the prime factors of j.
2, 3, 7
What are the prime factors of -2 - -35 - (-5 - -4)?
2, 17
Suppose -4 = -4*n + n + 5*g, -2*n + 8 = 2*g. Suppose -n*q = -7*q + 56. List the prime factors of q.
2, 7
List the prime factors of 40 - 8/12*3.
2, 19
Suppose -3*m + 361 - 82 = 0. What are the prime factors of m?
3, 31
Let y be 2709/36 - 2/8. List the prime factors of 664/30 + (-10)/y.
2, 11
Let c be 4/10 - (-4)/(-10). Let g be (-2)/(2 + 0 + c). List the prime factors of (-5)/(g/(-1)*-1).
5
List the prime factors of (-3)/(6/(-4)) - (-139 - 0).
3, 47
Let h be 2/(-1) + 4 + 2. Suppose -h*v + 42 = -v. What are the prime factors of v?
2, 7
Let m(v) be the first derivative of 1/3*v**3 + 4 + 9*v - 3*v**2. List the prime factors of m(7).
2
Suppose 0*z + 15 = z + 4*i, -2*z + 58 = i. List the prime factors of z.
31
Suppose 4*m - 24 = -4*h + 8, -m + 4*h = -28. Let y be (3/(-2))/(m/(-32)). Suppose 2*u + y*d - 1 = 5, 4*u - 21 = d. List the prime factors of u.
5
Suppose 2*c = -3*c + 15. Suppose 0 = c*q - q - 54. List the prime factors of q.
3
Let b(c) be the second derivative of 5*c**3/6 - 5*c**2/2 - c. Let n be b(6). List the prime factors of ((-60)/n)/((-6)/40).
2
Let y = 10 - 10. Let v be 6*20/(-6)*-1. Suppose -5*n + v + 25 = y. What are the prime factors of n?
3
Let q(g) = -g**3 + 11*g**2 + 2*g + 15. List the prime factors of q(11).
37
Let g(i) be the first derivative of -1/2*i**2 - 4*i - 2. List the prime factors of g(-6).
2
Let m(k) = 15*k + 4. What are the prime factors of m(3)?
7
Let q(w) = w**3 + 8*w**2 - 14*w - 9. List the prime factors of q(-9).
2, 3
Let r = 4 + 150. List the prime factors of r.
2, 7, 11
Suppose -v + 5 = n, n + 13 = 3*v + 3*n. Let q(r) = -3*r**2 - 4*r**2 - 2*r + v*r**3 + 5*r**2. What are the prime factors of q(2)?
2, 3
Let u(o) = 6*o**2 + 2*o + 9. List the prime factors of u(-4).
97
What are the prime factors of (320 - (-8)/(-2))/2?
2, 79
Suppose -j + 27 = -4*f, -j - 3 - 6 = 5*f. Let a = -8 + j. Suppose -4*m - c + 33 = 0, 4*c - a = 1. List the prime factors of m.
2
Suppose 4*z + 4*l = -8 + 28, 3*z = -2*l + 12. Let f = -22 + 22. Let p = z - f. List the prime factors of p.
2
Let g(u) = u**2 + u + 1. Let x be g(-2). Let t(k) = k**2 + k**x + 2 - k**2. List the prime factors of t(2).
2, 5
Let w be 2/(-4)*(-1 + 1). Suppose w*v + 2*v = 10. Suppose 2*z - v*z = -15. List the prime factors of z.
5
Let l(b) be the first derivative of -b**2 + 1. List the prime factors of l(-1).
2
What are the prime factors of (81/(-12))/(-3)*(-32)/(-6)?
2, 3
Let o(u) = -u**3 + 7*u**2 + 2*u - 10. Let f be o(7). Suppose -h - 2*d = -18, -5*h = d - f*d - 103. List the prime factors of h.
2, 5
Let v(n) = -4*n - 24. Let c(i) = -2*i - 12. Let x(k) = 5*c(k) - 2*v(k). What are the prime factors of x(-9)?
2, 3
Let g be 4/6 + 11/(-3). Let q be (-64)/g + 2/(-6). Suppose -f + 4*f - q = -2*x, -3*x = 5*f - 35. List the prime factors of f.
7
Let z(m) be the second derivative of -m**3/2 + 2*m. List the prime factors of z(-1).
3
Let v = -10 + 4. Let z be (-1)/2*v + -1. Suppose z*f = -3*r + 58, -r = r - 4*f - 12. List the prime factors of r.
2
Let u = 357 - 149. What are the prime factors of u?
2, 13
Suppose g + 20 = -3*g. Let i(w) = w**2 + 3*w - 1. List the prime factors of i(g).
3
Let u(f) = f**2 - 5*f - 5. Let o be u(7). Suppose -4*l + 2*l = -5*y + o, -y = 3*l + 5. What are the prime factors of (1 - -2) + 1 + l?
2
Let k(g) = 6*g. Let r be 2*2/(-4)*-2. List the prime factors of k(r).
2, 3
What are the prime factors of 57/2 + (-9)/(-18)?
29
Suppose 8*i - 33 = 3*i - 3*v, -5*v = i + 11. Suppose 4 = -k + i. Suppose 0*s + 3*l - 18 = -2*s, -k*l = s - 23. List the prime factors of s.
3
Suppose 4*i - 12 = 3*z, -i + 4*z = 2 - 5. What are the prime factors of i?
3
Let u = -7 + 4. Let d(l) = -4*l - 2. What are the prime factors of d(u)?
2, 5
Let n = 158 - 83. Suppose 5*b - 9 = 4*f - n, 5*b = -3*f + 67. List the prime factors of f.
19
Let q be (-6)/(-3) + 2 + 1. Suppose -5*n = -45 + q. List the prime factors of n.
2
Suppose 0 = 13*a + 355 - 2253. List the prime factors of a.
2, 73
Let q = 226 + -56. List the prime factors of q.
2, 5, 17
Let p(x) = -6*x**3 - x**2 - 1. Let n be p(-2). Let c = -25 + n. Suppose -o - z = -6*z - c, -2*z - 20 = -2*o. List the prime factors of o.
2
Let o = -16 + 70. List the prime factors of o.
2, 3
Suppose 0 = -4*f + 5*f - 10. What are the prime factors of f/15 + (-44)/(-6)?
2
Suppose b = 2*q + 4*b + 12, 2*q = 4*b - 26. Let w = -15 - q. List the prime factors of w*3/(-3) - 1.
5
Let w be (330/9)/(2/6). Let v = 156 - w. List the prime factors of v/8 + (-3)/(-12).
2, 3
Suppose l + 32 = 5*o, 4*o + 4*l - 3 = 13. Suppose 3*x + o = 0, 2*b + x - 2*x - 24 = 0. What are the prime factors of b?
11
Let p be (-8)/(-3) + (-2)/(-6). Suppose 0 = -p*i + i. What are the prime factors of i - -15 - 2/2?
2, 7
Let w(s) = s - 1. Let y be w(5). Suppose 0 = g - y*g + 12. Suppose j - 72 = -3*j + g*m, -3*j + 24 = 3*m. What are the prime factors of j?
13
Suppose 0 = -3*y + 42 + 6. List the prime factors of y.
2
Let j(n) = -n**3 - 14*n**2 + 5*n - 13. List the prime factors of j(-15).
137
Let l(j) be the third derivative of -j**6/120 - j**5/12 + 5*j**4/24 - 3*j**2. What are the prime factors of l(-6)?
2, 3
Let l(u) = -u**3 - 7*u**2 - 6*u. Let o be l(-6). Suppose -5*s - 11 = -v, 0 = 2*v - s - o*s - 67. What are the prime factors of v?
2, 3
Let y be 378/(-12)*-2*2. Suppose -5*t - 16 = -y. List the prime factors of t.
2, 11
Let a(d) = -d**2 + 13*d - 12. Suppose p + 1 = 10. List the prime factors of a(p).
2, 3
What are the prime factors of (-63)/(3 - (-9)/(-2))?
2, 3, 7
Suppose -z - 14 = -24. What are the prime factors of z?
2, 5
Suppose -3 = l - 195. List the prime factors of l.
2, 3
Let u be 4/1 + (0 - -1). Let r(l) = -4*l**2 - 9*l - 6. Let g(s) = -5*s**2 - 10*s - 7. Let i(x) = -5*g(x) + 6*r(x). List the prime factors of i(u).
2
Suppose 24 = -122*c + 123*c. List the prime factors of c.
2, 3
List the prime factors of (42/9)/(2/6).
2, 7
Let h be (-767)/3 + 2/3. Let g = -165 - h. Suppose 0 = 6*q - q - g. List the prime factors of q.
2, 3
Let u be 2 + 0/(-1)*1. Suppose -o = 4, -u*y - 3*y = 2*o - 332. Suppose 5*j - y = 3*k, -2*k + 16 = j - 5*k. List the prime factors of j.
13
Let j(o) = 2*o - 3*o**3 + 3*o**3 + 0*o**3 + 4 + 2*o**3 - 5*o**2. List the prime factors of j(3).
19
Let y = 3 + -4. Let h = y - -9. Suppose -h = -5*s + s. List the prime factors of s.
2
Let p = 131 + -71. What are the prime factors of p?
2, 3, 5
Let s = 1 + -1. Suppose 0 = -5*i - 5*c + 15, -4*c + 0*c = i. Suppose 4*l - i - 12 = s. List the prime factors of l.
2
Let v(c) = c**3 + 12*c**2 + 11*c - 19. What are the prime factors of v(-7)?
149
Let g(z) = -2*z - 3*z + z. Suppose k + 0*k + 2 = 4*a, -4*k - 3*a = 8. What are the prime factors of g(k)?
2
Suppose p = 2 - 1, 4*f - 2*p + 6 = 0. Let t = 1 - f. What are the prime factors of t?
2
Suppose 5*u + 343 = 2*t + 2*t, 4*t = u + 363. What are the prime factors of 1/(96/t - 1)?
23
Suppose -51 - 39 = -a. What are the prime factors of a?
2, 3, 5
Let g(b) = b**2 - 3*b - 2. Let t be g(4). Suppose 134 = 3*h + 2*n, t*n - 182 = -0*h - 4*h. Suppose 0 = 5*v - h - 2. What are the prime factors of v?
2, 5
Let l = -21 - -30. What are the prime factors of l?
3
Let w(c) = -c**3 - 17*c**2 + 19*c + 25. List the prime factors of w(-18).
7
Suppose c = 6*c - 370. List the prime factors of c.
2, 37
Suppose 4*i - 27 = -7. Let v = i - 1. Suppose -59 = -5*k - v. List the prime factors of k.
11
Let t = 5 + -3. Suppose -7*v + 100 = -t*v. What are the prime factors of v?
2, 5
List the prime 